{"id":5719,"date":"2024-02-06T18:31:41","date_gmt":"2024-02-06T21:31:41","guid":{"rendered":"https:\/\/fasiluminacao.com.br\/?post_type=designers&#038;p=5719"},"modified":"2024-02-20T12:40:53","modified_gmt":"2024-02-20T15:40:53","slug":"lluis-dilme-xavier-fabre-eulalia-serra-ignasi-de-sola-morales","status":"publish","type":"designers","link":"https:\/\/fasiluminacao.com.br\/en\/designers\/lluis-dilme-xavier-fabre-eulalia-serra-ignasi-de-sola-morales\/","title":{"rendered":"Llu\u00eds Dilm\u00e9, Xavier Fabr\u00e9, Eul\u00e0lia Serra, Ignasi de Sol\u00e0-Morales"},"content":{"rendered":"\n<p><strong>Llu\u00eds Dilm\u00e9<\/strong><\/p>\n\n\n\n<p>Llu\u00eds Dilm\u00e9 \u00e9 um arquiteto catal\u00e3o que realizou v\u00e1rios projetos proeminentes, com foco em particular na reforma de teatros.\u00a0Junto com Ignasi de Sol\u00e0-Morales, Xavier Fabr\u00e9 e Eul\u00e0lia Serra, participou da reconstru\u00e7\u00e3o do teatro Liceo de Barcelona ap\u00f3s o inc\u00eandio que o consumiu em 1994. Eles ganharam o pr\u00eamio Premio Nacional de la Generalitat na categoria de Patrim\u00f4nio por este projeto.<\/p>\n\n\n\n<p> <strong>Xavier Fabr\u00e9<\/strong><\/p>\n\n\n\n<p>Os arquitetos Xavier Fabr\u00e9 e Llu\u00eds Dilm\u00e9 iniciaram suas carreiras profissionais em 1988 no est\u00fadio Fabr\u00e9 &#038; Dilm\u00e9, onde desenvolveram projetos arquitet\u00f4nicos para m\u00faltiplos espa\u00e7os p\u00fablicos e privados.\u00a0Fabr\u00e9 trabalhou com Dilm\u00e9, Sol\u00e0-Morales e Serra em projetos teatrais como a reconstru\u00e7\u00e3o da casa de \u00f3pera Liceu de Barcelona.<\/p>\n\n\n\n<p><\/p>\n\n\n\n<p><strong>Eul\u00e0lia Serra<\/strong><\/p>\n\n\n\n<p>Arquiteta de interiores e graduada pela Parsons School of Design e pela Columbia University, Eul\u00e0lia Serra realizou grandes projetos em Barcelona, \u200b\u200bcomo a reforma do Gran Teatro del Liceo e do Palacio de Pedralbes.\u00a0De 1995 a 2001, ela atuou como vice-presidente do FAD.\u00a0Eul\u00e1lia Serra \u00e9 tamb\u00e9m uma especialista em artes aplicadas e uma excelente curadora de exposi\u00e7\u00f5es.<\/p>\n\n\n\n<p><\/p>\n\n\n\n<p><strong>Ignasi de Sol\u00e0-Morales<\/strong><\/p>\n\n\n\n<p>Ignasi de Sol\u00e0-Morales foi um arquiteto respeitado e professor universit\u00e1rio, autor de importantes projetos como a reconstru\u00e7\u00e3o do pavilh\u00e3o alem\u00e3o de Mies van der Rohe para a Exposi\u00e7\u00e3o Universal de Barcelona (1929) e o projeto de amplia\u00e7\u00e3o e reconstru\u00e7\u00e3o da casa de \u00f3pera Liceu de Barcelona, \u200b\u200bpor com o qual recebeu o pr\u00e9mio Premio Nacional de la Generalitat na categoria de Patrim\u00f3nio.&nbsp;Ele fez uma contribui\u00e7\u00e3o substancial para o campo da hist\u00f3ria, teoria e cr\u00edtica da arquitetura.<\/p>\n","protected":false},"featured_media":0,"template":"","class_list":["post-5719","designers","type-designers","status-publish","hentry"],"acf":[],"_links":{"self":[{"href":"https:\/\/fasiluminacao.com.br\/en\/wp-json\/wp\/v2\/designers\/5719","targetHints":{"allow":["GET"]}}],"collection":[{"href":"https:\/\/fasiluminacao.com.br\/en\/wp-json\/wp\/v2\/designers"}],"about":[{"href":"https:\/\/fasiluminacao.com.br\/en\/wp-json\/wp\/v2\/types\/designers"}],"wp:attachment":[{"href":"https:\/\/fasiluminacao.com.br\/en\/wp-json\/wp\/v2\/media?parent=5719"}],"curies":[{"name":"wp","href":"https:\/\/api.w.org\/{rel}","templated":true}]}}

Lluís Dilmé, Xavier Fabré, Eulàlia Serra, Ignasi de Solà-Morales

<p><strong>Lluís Dilmé</strong></p>



<p>Lluís Dilmé é um arquiteto catalão que realizou vários projetos proeminentes, com foco em particular na reforma de teatros. Junto com Ignasi de Solà-Morales, Xavier Fabré e Eulàlia Serra, participou da reconstrução do teatro Liceo de Barcelona após o incêndio que o consumiu em 1994. Eles ganharam o prêmio Premio Nacional de la Generalitat na categoria de Patrimônio por este projeto.</p>



<p> <strong>Xavier Fabré</strong></p>



<p>Os arquitetos Xavier Fabré e Lluís Dilmé iniciaram suas carreiras profissionais em 1988 no estúdio Fabré &#038; Dilmé, onde desenvolveram projetos arquitetônicos para múltiplos espaços públicos e privados. Fabré trabalhou com Dilmé, Solà-Morales e Serra em projetos teatrais como a reconstrução da casa de ópera Liceu de Barcelona.</p>



<p></p>



<p><strong>Eulàlia Serra</strong></p>



<p>Arquiteta de interiores e graduada pela Parsons School of Design e pela Columbia University, Eulàlia Serra realizou grandes projetos em Barcelona, ​​como a reforma do Gran Teatro del Liceo e do Palacio de Pedralbes. De 1995 a 2001, ela atuou como vice-presidente do FAD. Eulália Serra é também uma especialista em artes aplicadas e uma excelente curadora de exposições.</p>



<p></p>



<p><strong>Ignasi de Solà-Morales</strong></p>



<p>Ignasi de Solà-Morales foi um arquiteto respeitado e professor universitário, autor de importantes projetos como a reconstrução do pavilhão alemão de Mies van der Rohe para a Exposição Universal de Barcelona (1929) e o projeto de ampliação e reconstrução da casa de ópera Liceu de Barcelona, ​​por com o qual recebeu o prémio Premio Nacional de la Generalitat na categoria de Património.&nbsp;Ele fez uma contribuição substancial para o campo da história, teoria e crítica da arquitetura.</p>
