{"id":5691,"date":"2024-02-06T12:04:47","date_gmt":"2024-02-06T15:04:47","guid":{"rendered":"https:\/\/fasiluminacao.com.br\/?post_type=designers&#038;p=5691"},"modified":"2024-02-20T10:34:38","modified_gmt":"2024-02-20T13:34:38","slug":"equipe-santa-cole","status":"publish","type":"designers","link":"https:\/\/fasiluminacao.com.br\/en\/designers\/equipe-santa-cole\/","title":{"rendered":"Equipe Santa &#038; Cole"},"content":{"rendered":"\n<p>A Santa &#038; Cole foi fundada por Nina Mas\u00f3, Javier Nieto Santa e Gabriel Ordeig Cole em 1985, durante uma d\u00e9cada de convuls\u00f5es na Espanha, quando tudo parecia poss\u00edvel ap\u00f3s a ditadura.<\/p>\n\n\n\n<p>Os primeiros dias, criando l\u00e2mpadas excepcionais para alguns dos bares mais famosos de Barcelona, \u200b\u200blogo levaram a encomendas para iluminar as casas de clientes regulares de alguns desses locais. Numa \u00e9poca em que as l\u00e2mpadas hal\u00f3genas (frias ao toque, com luz azulada) estavam na moda, a Santa &#038; Cole defendia o uso de materiais naturais como madeira, papel\u00e3o costurado ou fitas. Em alguns casos, os designs existentes foram revisados \u200b\u200be, em outros, novos designs, como a l\u00e2mpada B\u00e1sica , foram desenvolvidos. Mudamos o clima de t\u00e9cnico e frio para humano e caloroso.<\/p>\n\n\n\n<p>Na d\u00e9cada de 1990, no alegre rescaldo das Olimp\u00edadas de Barcelona, \u200b\u200bnasceram algumas das l\u00e2mpadas maiores, as modulares, como o Estadio ou o Moar\u00e9 , respondendo \u00e0 necessidade de iluminar os locais p\u00fablicos.<\/p>\n\n\n\n<p>Desde que a ilumina\u00e7\u00e3o LED entrou em cena no in\u00edcio do s\u00e9culo 21, continuamos nossa busca por luz que realce a beleza de objetos, sombras e pessoas. Exemplos disso s\u00e3o as s\u00e9ries Cirio e Teki\u00f2 . Continuamos comprometidos em criar ambientes e ambientes, noite e dia, que sirvam para melhorar a habitabilidade em casa ou em outro lugar.<\/p>\n","protected":false},"featured_media":0,"template":"","class_list":["post-5691","designers","type-designers","status-publish","hentry"],"acf":[],"_links":{"self":[{"href":"https:\/\/fasiluminacao.com.br\/en\/wp-json\/wp\/v2\/designers\/5691","targetHints":{"allow":["GET"]}}],"collection":[{"href":"https:\/\/fasiluminacao.com.br\/en\/wp-json\/wp\/v2\/designers"}],"about":[{"href":"https:\/\/fasiluminacao.com.br\/en\/wp-json\/wp\/v2\/types\/designers"}],"wp:attachment":[{"href":"https:\/\/fasiluminacao.com.br\/en\/wp-json\/wp\/v2\/media?parent=5691"}],"curies":[{"name":"wp","href":"https:\/\/api.w.org\/{rel}","templated":true}]}}

<p>A Santa &#038; Cole foi fundada por Nina Masó, Javier Nieto Santa e Gabriel Ordeig Cole em 1985, durante uma década de convulsões na Espanha, quando tudo parecia possível após a ditadura.</p>



<p>Os primeiros dias, criando lâmpadas excepcionais para alguns dos bares mais famosos de Barcelona, ​​logo levaram a encomendas para iluminar as casas de clientes regulares de alguns desses locais. Numa época em que as lâmpadas halógenas (frias ao toque, com luz azulada) estavam na moda, a Santa &#038; Cole defendia o uso de materiais naturais como madeira, papelão costurado ou fitas. Em alguns casos, os designs existentes foram revisados ​​e, em outros, novos designs, como a lâmpada Básica , foram desenvolvidos. Mudamos o clima de técnico e frio para humano e caloroso.</p>



<p>Na década de 1990, no alegre rescaldo das Olimpíadas de Barcelona, ​​nasceram algumas das lâmpadas maiores, as modulares, como o Estadio ou o Moaré , respondendo à necessidade de iluminar os locais públicos.</p>



<p>Desde que a iluminação LED entrou em cena no início do século 21, continuamos nossa busca por luz que realce a beleza de objetos, sombras e pessoas. Exemplos disso são as séries Cirio e Tekiò . Continuamos comprometidos em criar ambientes e ambientes, noite e dia, que sirvam para melhorar a habitabilidade em casa ou em outro lugar.</p>
