{"id":3393,"date":"2023-12-01T09:40:18","date_gmt":"2023-12-01T12:40:18","guid":{"rendered":"http:\/\/fasiluminacao.laboratoriovision.com.br\/?post_type=designers&#038;p=3393"},"modified":"2024-02-20T12:56:43","modified_gmt":"2024-02-20T15:56:43","slug":"andre-ricard","status":"publish","type":"designers","link":"https:\/\/fasiluminacao.com.br\/en\/designers\/andre-ricard\/","title":{"rendered":"Andr\u00e9 Ricard"},"content":{"rendered":"\n<p>Amplamente reconhecido como um pioneiro e embaixador do design industrial na Espanha, Andr\u00e9 Ricard deu uma contribui\u00e7\u00e3o decisiva para o desenvolvimento social e empresarial desta disciplina. Foi presidente da ADI-FAD (Agrupaci\u00f3n de Dise\u00f1o del Fomento de Artes y Dise\u00f1o) e presidente fundador da ADP (Asociaci\u00f3n de Dise\u00f1adores Profesionales), al\u00e9m de ser um dos pilares das Olimp\u00edadas de Barcelona de 1992.<\/p>\n\n\n\n<p>A conversa do design espanhol do s\u00e9culo XX , sem d\u00favida, envolve falar de Andr\u00e9 Ricard. Nascido em Barcelona em 1929, o autor desenhou objetos presentes no nosso dia-a-dia, transformando-os em s\u00edmbolos da cultura ocidental.<\/p>\n\n\n\n<p>Andr\u00e9 Ricard estudou na Academia de Warnia Zaraszescka, um artista polon\u00eas que o ensinou na famosa tradi\u00e7\u00e3o Bauhaus. Inspirado pelo que aprendeu com Zaraszescka, em 1963 ele iniciou uma colabora\u00e7\u00e3o frut\u00edfera com fragr\u00e2ncias Puig, desenhando a embalagem de seus perfumes. A realiza\u00e7\u00e3o de designs originais para a conceituada empresa espanhola de perfumes levou ao seu reconhecimento no mundo do design. Assim, em 1992, teve a oportunidade de projetar a tocha para os Jogos Ol\u00edmpicos de Barcelona, \u200b\u200bque se tornou um dos destaques de sua carreira. Ele passou a projetar o caldeir\u00e3o do Museu Ol\u00edmpico (1993) em Lausanne, Su\u00ed\u00e7a e a Copa do Mundo de H\u00f3quei (2001).<\/p>\n\n\n\n<p>Andr\u00e9 Ricard tamb\u00e9m produziu trabalhos de destaque na concep\u00e7\u00e3o de objetos do cotidiano como o cinzeiro de Copenhague ou o isqueiro Menhir, al\u00e9m de lumin\u00e1rias como a Tat\u00fa ou a Fontana, editadas pela Santa &#038; Cole. Por tr\u00e1s de cada um desses objetos aparentemente simples est\u00e1 um processo profundo e cuidadoso em rela\u00e7\u00e3o \u00e0 funcionalidade e praticidade. Nas palavras de Ricard: \u201cProjetar \u00e9 proporcionar aos objetos de nossa vida di\u00e1ria as formas mais simples e sensatas para que possam cumprir da melhor forma a fun\u00e7\u00e3o a que se destinam\u201d.<\/p>\n\n\n\n<p>A maioria dos projetos de Ricard \u00e9 caracterizada pelo uso de materiais naturais que requerem tratamento especial por meio de t\u00e9cnicas artesanais. Ricard \u00e9 um forte defensor da interven\u00e7\u00e3o manual no processo de produ\u00e7\u00e3o de seus designs. O artesanato, aos olhos do designer, \u00e9 uma forma de manter as tradi\u00e7\u00f5es, a autenticidade das coisas e, acima de tudo, fazer sobressair os objetos.<\/p>\n\n\n\n<p>Andr\u00e9 Ricard tamb\u00e9m lecionou em Barcelona em v\u00e1rias fases da sua vida, muitas vezes apareceu na imprensa n\u00e3o especializada e \u00e9 autor de v\u00e1rios livros que refletem sobre o design. O autor foi presidente fundador da ADI-FAD (Agrupaci\u00f3n de Desenho do Fomento de Artes e Desenho), vice-presidente do Conselho Internacional das Sociedades de Desenho Industrial (ICSID) e membro honor\u00e1rio da Real Academia de Belas Artes de San Jorge.<\/p>\n\n\n\n<p>Por ocasi\u00e3o do seu 90 \u00ba anivers\u00e1rio, ele projetou a l\u00e2mpada Petit Tat\u00fa (1972) para a Santa &#038; Cole, uma l\u00e2mpada de parede conveniente dispon\u00edvel em branco e vermelho.<\/p>\n","protected":false},"featured_media":0,"template":"","class_list":["post-3393","designers","type-designers","status-publish","hentry"],"acf":[],"_links":{"self":[{"href":"https:\/\/fasiluminacao.com.br\/en\/wp-json\/wp\/v2\/designers\/3393","targetHints":{"allow":["GET"]}}],"collection":[{"href":"https:\/\/fasiluminacao.com.br\/en\/wp-json\/wp\/v2\/designers"}],"about":[{"href":"https:\/\/fasiluminacao.com.br\/en\/wp-json\/wp\/v2\/types\/designers"}],"wp:attachment":[{"href":"https:\/\/fasiluminacao.com.br\/en\/wp-json\/wp\/v2\/media?parent=3393"}],"curies":[{"name":"wp","href":"https:\/\/api.w.org\/{rel}","templated":true}]}}

André Ricard

<p>Amplamente reconhecido como um pioneiro e embaixador do design industrial na Espanha, André Ricard deu uma contribuição decisiva para o desenvolvimento social e empresarial desta disciplina. Foi presidente da ADI-FAD (Agrupación de Diseño del Fomento de Artes y Diseño) e presidente fundador da ADP (Asociación de Diseñadores Profesionales), além de ser um dos pilares das Olimpíadas de Barcelona de 1992.</p>



<p>A conversa do design espanhol do século XX , sem dúvida, envolve falar de André Ricard. Nascido em Barcelona em 1929, o autor desenhou objetos presentes no nosso dia-a-dia, transformando-os em símbolos da cultura ocidental.</p>



<p>André Ricard estudou na Academia de Warnia Zaraszescka, um artista polonês que o ensinou na famosa tradição Bauhaus. Inspirado pelo que aprendeu com Zaraszescka, em 1963 ele iniciou uma colaboração frutífera com fragrâncias Puig, desenhando a embalagem de seus perfumes. A realização de designs originais para a conceituada empresa espanhola de perfumes levou ao seu reconhecimento no mundo do design. Assim, em 1992, teve a oportunidade de projetar a tocha para os Jogos Olímpicos de Barcelona, ​​que se tornou um dos destaques de sua carreira. Ele passou a projetar o caldeirão do Museu Olímpico (1993) em Lausanne, Suíça e a Copa do Mundo de Hóquei (2001).</p>



<p>André Ricard também produziu trabalhos de destaque na concepção de objetos do cotidiano como o cinzeiro de Copenhague ou o isqueiro Menhir, além de luminárias como a Tatú ou a Fontana, editadas pela Santa &#038; Cole. Por trás de cada um desses objetos aparentemente simples está um processo profundo e cuidadoso em relação à funcionalidade e praticidade. Nas palavras de Ricard: “Projetar é proporcionar aos objetos de nossa vida diária as formas mais simples e sensatas para que possam cumprir da melhor forma a função a que se destinam”.</p>



<p>A maioria dos projetos de Ricard é caracterizada pelo uso de materiais naturais que requerem tratamento especial por meio de técnicas artesanais. Ricard é um forte defensor da intervenção manual no processo de produção de seus designs. O artesanato, aos olhos do designer, é uma forma de manter as tradições, a autenticidade das coisas e, acima de tudo, fazer sobressair os objetos.</p>



<p>André Ricard também lecionou em Barcelona em várias fases da sua vida, muitas vezes apareceu na imprensa não especializada e é autor de vários livros que refletem sobre o design. O autor foi presidente fundador da ADI-FAD (Agrupación de Desenho do Fomento de Artes e Desenho), vice-presidente do Conselho Internacional das Sociedades de Desenho Industrial (ICSID) e membro honorário da Real Academia de Belas Artes de San Jorge.</p>



<p>Por ocasião do seu 90 º aniversário, ele projetou a lâmpada Petit Tatú (1972) para a Santa &#038; Cole, uma lâmpada de parede conveniente disponível em branco e vermelho.</p>
